5. Give w(-26).
7
Let u(d) = d**2 - 10*d - 11. Give u(10).
-11
Let j(p) = 2*p + 7. Give j(-10).
-13
Let q(p) = -26*p**3 + 2*p**2 - 3*p + 1. Calculate q(1).
-26
Let m(x) = -x + 5. What is m(-10)?
15
Let h(v) = v**2 - 17*v - 12. Give h(13).
-64
Let i(v) = -v**3 - v - 22. Give i(0).
-22
Let y(u) = -3*u - 21. Give y(-10).
9
Let o(s) = s**3 - 5*s**2 - 4*s. Calculate o(5).
-20
Let h(n) = 4*n**3 + 2*n**2 - n - 1. Give h(2).
37
Let w(u) = -2*u - 42. Determine w(-15).
-12
Let h(s) = s**2 + 6*s - 41. Calculate h(-11).
14
Let p(z) = -z**3 + 28*z**2 - 32*z + 32. Calculate p(27).
-103
Let g(o) = -o - 14. Give g(0).
-14
Let q(o) = o + 13. Determine q(-17).
-4
Let m(v) = 2*v**3 - 17*v**2 - 55*v - 13. Determine m(11).
-13
Let s(a) = -a**3 - 6*a**2 + 5*a + 4. Give s(-7).
18
Let p(r) = -35*r + 1. Determine p(1).
-34
Let o(q) = -q**3 - 4*q**2 + 3*q + 4. Give o(-4).
-8
Let i(r) = -46*r**2 - 2*r + 2. Calculate i(1).
-46
Let p(n) = -16*n**2 + n - 2. Calculate p(3).
-143
Let b(j) = -j**2 - 24*j - 60. Calculate b(-21).
3
Let y(u) = 4*u - 6. Calculate y(2).
2
Let q(c) = 165*c + 1322. Give q(-8).
2
Let u(o) = 8*o - 11. Calculate u(2).
5
Let l(p) = -11*p - 4. Calculate l(-3).
29
Let t(r) = -r**3 + 18*r**2 - 16*r - 8. Calculate t(17).
9
Let c(y) = -2*y - 75. What is c(13)?
-101
Let d(f) = -5*f + 78. Calculate d(12).
18
Let h(b) = -2*b**2 - b + 2. Calculate h(-5).
-43
Let s(i) = -i**3 - 3*i**2 + i - 3. Calculate s(-2).
-9
Let y(c) = c**2 + 2*c - 48. What is y(-9)?
15
Let t(j) = -4*j + 60. Calculate t(16).
-4
Let t(h) = -h**3 + 32*h**2 - 28*h - 79. Determine t(31).
14
Let p(l) = 4*l**3 - 2*l**2 + l. What is p(2)?
26
Let q(x) = 3*x**2 + 21*x + 15. Give q(-6).
-3
Let m(s) = -s**3 - 13*s**2 + 13*s - 19. Calculate m(-14).
-5
Let a(c) = -c**2 - 24*c + 11. What is a(-26)?
-41
Let u(o) = o**3 - 3*o**2 + o - 4. Determine u(4).
16
Let b(u) = -u**2 + 24*u + 83. Give b(-3).
2
Let r(m) = 19*m - 3. Determine r(2).
35
Let i(v) = v**2 - 19*v + 25. What is i(17)?
-9
Let f(v) = -11*v + 203. What is f(18)?
5
Let l(t) = 2*t**3 + 12*t**2 + 2*t + 4. Determine l(-5).
44
Let p(o) = -o**3 + 5*o**2 + 2*o - 6. Determine p(4).
18
Let p(u) = -2*u**3 - u**2 + 3*u - 1. What is p(2)?
-15
Let g(w) = -2*w**3 - 41*w**2 - 56*w + 24. What is g(-19)?
5
Let q(g) = 18*g + 117. What is q(-7)?
-9
Let n(z) = 38*z - 1023. Determine n(27).
3
Let o(g) = 9*g**3 - g**2 + 1. What is o(1)?
9
Let b(a) = 7*a - 8. Determine b(-2).
-22
Let r(s) = -9*s**2 + 33*s + 13. Give r(4).
1
Let z(d) = d**3 - 8*d**2 - d - 2. Determine z(8).
-10
Let w(r) = r**3 + 27*r**2 + 27*r + 37. Determine w(-26).
11
Let b(z) = z + 1. Determine b(5).
6
Let k(m) = 45*m**2 + m - 1. What is k(1)?
45
Let j(k) = k**3 - 13*k**2 + 8*k + 46. Calculate j(12).
-2
Let y(w) = -w**2 + 36*w - 304. Give y(19).
19
Let z(q) = q**2 + 25*q + 48. What is z(-23)?
2
Let h(y) = -20*y + 3. What is h(3)?
-57
Let g(i) = -2*i - 1. Calculate g(1).
-3
Let v(o) = -o**3 - 16*o**2 - 19*o - 33. Calculate v(-15).
27
Let w(b) = -b**3 - 17*b**2 - 31*b - 26. Determine w(-15).
-11
Let m(v) = 2*v + 3. Determine m(7).
17
Let r(t) = -t**3 - 19*t**2 + 18*t + 7. Give r(-20).
47
Let f(u) = u**3 + 7*u**2 - 2*u - 16. Calculate f(-8).
-64
Let q(g) = g**2 - 21. Calculate q(0).
-21
Let t(g) = g**2 + 13*g - 4. What is t(-14)?
10
Let g(j) = -j**3 - 5*j**2 - 10*j - 54. Give g(-5).
-4
Let h(d) = 9*d**2 - 2*d. Calculate h(1).
7
Let d(z) = -z**3 - 7*z**2 - 6*z + 1. Give d(-5).
-19
Let y(t) = -t**3 + 3*t**2 + 4*t + 4. Calculate y(-2).
16
Let j(x) = -x**3 - 6*x**2 + 3*x - 4. Give j(-6).
-22
Let l(f) = 8*f**2 - 68*f - 53. Give l(9).
-17
Let w(m) = m**3 - 6*m**2 - 4*m - 17. Give w(7).
4
Let s(d) = d**3 + 3*d**2 - 8*d - 2. Determine s(-5).
-12
Let z(o) = -o**3 + 16*o**2 + 17*o + 9. Give z(17).
9
Let a(t) = 12*t - 175. Give a(13).
-19
Let m(x) = -10*x - 264. Give m(-26).
-4
Let h(r) = -9*r - 108. Calculate h(-11).
-9
Let a(l) = -2*l**2 - 6*l - 5. Calculate a(-4).
-13
Let o(m) = -5*m + 47. Give o(13).
-18
Let q(n) = -3*n**2 + n + 1. What is q(2)?
-9
Let z(j) = j**2 + 13*j - 769. Calculate z(22).
1
Let d(x) = -x**3 + 5*x**2 - 15*x + 27. Give d(4).
-17
Let z(f) = f**3 + 7*f**2 - 19*f - 3. What is z(-9)?
6
Let z(r) = -2*r - 24. Calculate z(-6).
-12
Let m(h) = h + 10. Calculate m(0).
10
Let g(b) = -b**2 + 7*b + 6. Determine g(-1).
-2
Let z(x) = -x**2 - 16*x + 12. What is z(-14)?
40
Let o(c) = c**3 + 6*c**2 - 13*c + 8. Calculate o(-8).
-16
Let x(d) = -d**3 - 53*d**2 + 61*d + 372. What is x(-54)?
-6
Let w(g) = g - 8. Calculate w(-7).
-15
Let v(r) = -r**2 - 36*r - 121. Calculate v(-32).
7
Let i(b) = 3*b**2 + 34*b + 10. What is i(-11)?
-1
Let s(f) = 6*f**3 + f**2 - 4*f + 3. Give s(2).
47
Let r(b) = b**3 + 4*b**2 - 4*b - 10. Determine r(-4).
6
Let w(c) = -c**2 - 12*c + 64. What is w(-15)?
19
Let b(y) = y**2 + 9*y - 28. What is b(-12)?
8
Let q(x) = x**2 - 40*x - 150. Give q(44).
26
Let k(m) = 4*m + 10. Determine k(-2).
2
Let w(n) = -n**3 - 9*n**2 + 3*n + 21. What is w(-9)?
-6
Let z(f) = -f + 4. What is z(4)?
0
Let n(g) = -g**3 - 26*g**2 - 25*g + 2. Determine n(-25).
2
Let r(w) = 20*w - 3. What is r(1)?
17
Let n(g) = -14*g + 107. What is n(7)?
9
Let s(g) = -g**2 + 8*g - 11. Give s(6).
1
Let g(j) = j**2 + 3*j - 8. Give g(-6).
10
Let f(m) = 6*m + 12. Give f(1).
18
Let b(s) = s - 16. Give b(19).
3
Let m(j) = j**2 + 14*j + 20. Determine m(-12).
-4
Let s(b) = 3*b + 1. Calculate s(8).
25
Let a(k) = -5*k - 118. Give a(-22).
-8
Let l(f) = f**3 + 4*f**2 - 5*f - 11. Calculate l(-5).
-11
Let j(i) = -12*i + 7. Give j(3).
-29
Let q(i) = -i**3 - 3*i**2 + 13*i + 16. Give q(-5).
1
Let m(y) = -y**2 - 3*y - 8. Calculate m(-4).
-12
Let d(j) = 3*j**2 + j + 1. Give d(-3).
25
Let k(n) = -n**2 - 19*n - 13. Determine k(-13).
65
Let c(a) = -3*a + 18. Determine c(9).
-9
Let s(t) = 2*t**2 - 7*t + 8. Determine s(1).
3
Let m(f) = -f**3 + 3*f**2 - 4*f + 3. What is m(3)?
-9
Let n(a) = a**2 + 11*a + 7. Determine n(-6).
-23
Let q(a) = a**3 + 4*a**2 - 4*a + 5. What is q(-5)?
0
Let w(c) = -c**3 - 8*c**2 + 11*c + 25. Determine w(-9).
7
Let g(b) = -2*b**2 + 10*b + 6. Calculate g(10).
-94
Let h(u) = -2*u**3 + 36*u**2 - 2*u + 30. Determine h(18).
-6
Let i(k) = -k**3 - 5*k**2 - 6. Calculate i(-6).
30
Let z(y) = -24*y - 22. Give z(-1).
2
Let g(z) = 33*z + 1. Determine g(1).
34
Let t(f) = f**3 - 2*f**2 + 3*f + 4. Give t(3).
22
Let k(s) = -s**3 + 4*s**2 + 3*s - 5. What is k(5)?
-15
Let p(a) = -a**3 - 14*a**2 + 17*a + 35. Determine p(-15).
5
Let k(p) = p**3 - 5*p**2 - 10*p - 2. Calculate k(7).
26
Let s(p) = p**3 + 2*p**2 - 4*p + 1. Calculate s(-4).
-15
Let t(i) = -i**3 + 24*i**2 + 80*i + 38. Determine t(27).
11
Let v(s) = -2*s + 9. Give v(3).
3
Let a(j) = -j**2 - 10*j - 13. What is a(-8)?
3
Let x(a) = -a**2 + 11*a - 28. Calculate x(8).
-4
Let s(q) = -2*q + 10. Calculate s(4).
2
Let l(d) = d**3 - 13*d**2 - 18. Determine l(13).
-18
Let t(f) = -f**2 - 12*f - 15. Give t(-7).
20
Let r(l) = l**2 - 5*l + 3. Calculate r(3).
-3
Let x(a) = -2*a - 35. What is x(-16)?
-3
Let a(t) = 18*t - 2. What is a(1)?
16
Let g(c) = c**3 + 3*c**2 + 72*c + 300. Give g(-4).
-4
Let c(h) = h**2 - 23*h - 3. What is c(22)?
-25
Let l(z) = -4*z**2 - z - 2. Determine l(3).
-41
Let h(x) = 8*x - 4. Calculate h(-3).
-28
Let a(i) = 4*i + 13. What is a(-6)?
-11
Let f(j) = 6*j**3 - j**2 - 2*j - 2. Determine f(-1).
-7
Let y(z) = -6*z - 1. Give y(5).
-31
Let a(b) = -b**3 - 9*b**2 - b + 8. Calculate a(-7).
-83
Let v(q) = -q. Give v(6).
-6
Let f(s) = -8*s + 5. Calculate f(-2).
21
Let u(k) = -k**2 + 16*k - 45. What is u(7)?
18
Let g(y) = -y**2 - 12*y + 5. What is g(-6)?
41
Let n(f) = -f**3 - 14*f**2 + 16*f + 7. Give n(-15).
-8
Let h(d) = -2*d**3 - d**2 + 2*d. Give h(-2).
8
Let d(u) = u**3 - 10*u**2 - 25*u + 8. Calculate d(12).
-4
Let q(a) = -3*a + 8. Determine q(6).
-10
Let v(s) = 52*s + 3. What is v(1)?
55
Let s(b) = -b - 3. Give s(-11).
8
Let h(i) = -i**3 + i**2 + 3*i + 6. Determine h(-3).
33
Let h(d) = -d**2 - 9*d - 3. Give h(-6).
15
Let z(n) = -3*n + 3. Give z(7).
-18
Let f(c) = -c**3 - 3*c**2 + 3*c - 1. Determine f(2).
-15
Let x(s) = -3*s**3 + s**2 + 7*s + 1. Calculate x(-3).
70
Let d(c) = -c**3 + 9*c**2 - 7*c - 28. Give d(7).
21
Let o(l) = l**2 - l + 4. What is o(0)?
4
Let g(f) = -f**2 + 37*f - 60. Calculate g(35).
10
Let q(u) = -u**3 + 5*u**2 + 12*u - 19. What is q(6)?
17
Let w(k) = -3*k + 50. What